{"id":7748,"date":"2023-09-05T17:09:23","date_gmt":"2023-09-05T15:09:23","guid":{"rendered":"http:\/\/medicodentaire.ma\/?post_type=product&#038;p=7748"},"modified":"2024-02-29T07:17:00","modified_gmt":"2024-02-29T06:17:00","slug":"hdr-500","status":"publish","type":"product","link":"http:\/\/medicodentaire.ma\/index.php\/produit\/hdr-500\/","title":{"rendered":"HDR 500"},"content":{"rendered":"<p class=\"p1\">Capteur de rayon RVG HDR500 pratique<\/p>\n<p class=\"p1\">1. Nouveau capteur CMOS APS avec longue dur\u00e9e de vie<\/p>\n<p class=\"p1\">2. Haute e\u2000cacit\u00e9<\/p>\n<p class=\"p1\">3. solution multi-utilisateurs<\/p>\n<p class=\"p1\">Sp\u00e9cification du bo\u00eetier de contr\u00f4le:<\/p>\n<p class=\"p1\">capture : CMOS-APS<\/p>\n<p class=\"p1\">dimensionds : 44 x 32 (taille 2)<\/p>\n<p class=\"p1\">Zone active : 36x27mm<\/p>\n<p class=\"p1\">Epaisseur : 6mm<\/p>\n<p class=\"p1\">plaque dynamique : 4096<\/p>\n<p class=\"p1\">Alumentation : USB 2.0<\/p>\n<p class=\"p1\">Temps de transfert :3sec<\/p>\n<p class=\"p1\">Langueur cable : 2m<\/p>\n","protected":false},"excerpt":{"rendered":"<p>Capteur de rayon RVG HDR500 pratique 1. Nouveau capteur CMOS APS avec longue dur\u00e9e de vie 2. Haute e\u2000cacit\u00e9 3. solution multi-utilisateurs Sp\u00e9cification du bo\u00eetier de contr\u00f4le: capture : CMOS-APS<\/p>\n","protected":false},"featured_media":7749,"comment_status":"open","ping_status":"closed","template":"","meta":{"_acf_changed":false,"_monsterinsights_skip_tracking":false,"_monsterinsights_sitenote_active":false,"_monsterinsights_sitenote_note":"","_monsterinsights_sitenote_category":0},"product_brand":[],"product_cat":[230],"product_tag":[],"class_list":{"0":"post-7748","1":"product","2":"type-product","3":"status-publish","4":"has-post-thumbnail","6":"product_cat-radiologie-dentaire","8":"first","9":"instock","10":"shipping-taxable","11":"purchasable","12":"product-type-simple"},"acf":[],"featured_image_urls_v2":{"full":["http:\/\/medicodentaire.ma\/wp-content\/uploads\/2023\/09\/447.jpg",450,450,false],"thumbnail":["http:\/\/medicodentaire.ma\/wp-content\/uploads\/2023\/09\/447-150x150.jpg",150,150,true],"medium":["http:\/\/medicodentaire.ma\/wp-content\/uploads\/2023\/09\/447-300x300.jpg",300,300,true],"medium_large":["http:\/\/medicodentaire.ma\/wp-content\/uploads\/2023\/09\/447.jpg",450,450,false],"large":["http:\/\/medicodentaire.ma\/wp-content\/uploads\/2023\/09\/447.jpg",450,450,false],"1536x1536":["http:\/\/medicodentaire.ma\/wp-content\/uploads\/2023\/09\/447.jpg",450,450,false],"2048x2048":["http:\/\/medicodentaire.ma\/wp-content\/uploads\/2023\/09\/447.jpg",450,450,false],"yith-woocompare-image":["http:\/\/medicodentaire.ma\/wp-content\/uploads\/2023\/09\/447-220x154.jpg",220,154,true],"woocommerce_thumbnail":["http:\/\/medicodentaire.ma\/wp-content\/uploads\/2023\/09\/447-300x300.jpg",300,300,true],"woocommerce_single":["http:\/\/medicodentaire.ma\/wp-content\/uploads\/2023\/09\/447.jpg",450,450,false],"woocommerce_gallery_thumbnail":["http:\/\/medicodentaire.ma\/wp-content\/uploads\/2023\/09\/447-100x100.jpg",100,100,true]},"post_excerpt_stackable_v2":"<p>Capteur de rayon RVG HDR500 pratique 1. Nouveau capteur CMOS APS avec longue dur\u00e9e de vie 2. Haute e\u2000cacit\u00e9 3. solution multi-utilisateurs Sp\u00e9cification du bo\u00eetier de contr\u00f4le: capture : CMOS-APS dimensionds : 44 x 32 (taille 2) Zone active : 36x27mm Epaisseur : 6mm plaque dynamique : 4096 Alumentation : USB 2.0 Temps de transfert :3sec Langueur cable : 2m<\/p>\n","category_list_v2":"","author_info_v2":{"name":"","url":""},"comments_num_v2":"0 commentaire","_links":{"self":[{"href":"http:\/\/medicodentaire.ma\/index.php\/wp-json\/wp\/v2\/product\/7748","targetHints":{"allow":["GET"]}}],"collection":[{"href":"http:\/\/medicodentaire.ma\/index.php\/wp-json\/wp\/v2\/product"}],"about":[{"href":"http:\/\/medicodentaire.ma\/index.php\/wp-json\/wp\/v2\/types\/product"}],"replies":[{"embeddable":true,"href":"http:\/\/medicodentaire.ma\/index.php\/wp-json\/wp\/v2\/comments?post=7748"}],"wp:featuredmedia":[{"embeddable":true,"href":"http:\/\/medicodentaire.ma\/index.php\/wp-json\/wp\/v2\/media\/7749"}],"wp:attachment":[{"href":"http:\/\/medicodentaire.ma\/index.php\/wp-json\/wp\/v2\/media?parent=7748"}],"wp:term":[{"taxonomy":"product_brand","embeddable":true,"href":"http:\/\/medicodentaire.ma\/index.php\/wp-json\/wp\/v2\/product_brand?post=7748"},{"taxonomy":"product_cat","embeddable":true,"href":"http:\/\/medicodentaire.ma\/index.php\/wp-json\/wp\/v2\/product_cat?post=7748"},{"taxonomy":"product_tag","embeddable":true,"href":"http:\/\/medicodentaire.ma\/index.php\/wp-json\/wp\/v2\/product_tag?post=7748"}],"curies":[{"name":"wp","href":"https:\/\/api.w.org\/{rel}","templated":true}]}}