{"id":5951,"date":"2021-05-27T15:51:17","date_gmt":"2021-05-27T13:51:17","guid":{"rendered":"http:\/\/medicodentaire.ma\/?post_type=product&#038;p=5951"},"modified":"2021-05-27T15:51:18","modified_gmt":"2021-05-27T13:51:18","slug":"spatulas-a-platres-en-inox","status":"publish","type":"product","link":"http:\/\/medicodentaire.ma\/index.php\/produit\/spatulas-a-platres-en-inox\/","title":{"rendered":"Spatulas \u00c0 platres, En inox"},"content":{"rendered":"<p>R\u00e9f 1. 31-32 R\u00e9f 2. 31-31<\/p>\n","protected":false},"excerpt":{"rendered":"<p>R\u00e9f 1. 31-32 R\u00e9f 2. 31-31<\/p>\n","protected":false},"featured_media":5952,"comment_status":"open","ping_status":"closed","template":"","meta":{"_acf_changed":false,"_monsterinsights_skip_tracking":false,"_monsterinsights_sitenote_active":false,"_monsterinsights_sitenote_note":"","_monsterinsights_sitenote_category":0},"product_brand":[],"product_cat":[229],"product_tag":[],"class_list":{"0":"post-5951","1":"product","2":"type-product","3":"status-publish","4":"has-post-thumbnail","6":"product_cat-produits-dempreinte","8":"first","9":"instock","10":"shipping-taxable","11":"purchasable","12":"product-type-simple"},"acf":[],"featured_image_urls_v2":{"full":["http:\/\/medicodentaire.ma\/wp-content\/uploads\/2021\/05\/254.png",1628,438,false],"thumbnail":["http:\/\/medicodentaire.ma\/wp-content\/uploads\/2021\/05\/254-150x150.png",150,150,true],"medium":["http:\/\/medicodentaire.ma\/wp-content\/uploads\/2021\/05\/254-300x81.png",300,81,true],"medium_large":["http:\/\/medicodentaire.ma\/wp-content\/uploads\/2021\/05\/254-768x207.png",768,207,true],"large":["http:\/\/medicodentaire.ma\/wp-content\/uploads\/2021\/05\/254-1024x275.png",1024,275,true],"1536x1536":["http:\/\/medicodentaire.ma\/wp-content\/uploads\/2021\/05\/254-1536x413.png",1536,413,true],"2048x2048":["http:\/\/medicodentaire.ma\/wp-content\/uploads\/2021\/05\/254.png",1628,438,false],"yith-woocompare-image":["http:\/\/medicodentaire.ma\/wp-content\/uploads\/2021\/05\/254-220x154.png",220,154,true],"woocommerce_thumbnail":["http:\/\/medicodentaire.ma\/wp-content\/uploads\/2021\/05\/254-300x300.png",300,300,true],"woocommerce_single":["http:\/\/medicodentaire.ma\/wp-content\/uploads\/2021\/05\/254-600x161.png",600,161,true],"woocommerce_gallery_thumbnail":["http:\/\/medicodentaire.ma\/wp-content\/uploads\/2021\/05\/254-100x100.png",100,100,true]},"post_excerpt_stackable_v2":"<p>R\u00e9f 1. 31-32 R\u00e9f 2. 31-31<\/p>\n","category_list_v2":"","author_info_v2":{"name":"","url":""},"comments_num_v2":"0 commentaire","_links":{"self":[{"href":"http:\/\/medicodentaire.ma\/index.php\/wp-json\/wp\/v2\/product\/5951","targetHints":{"allow":["GET"]}}],"collection":[{"href":"http:\/\/medicodentaire.ma\/index.php\/wp-json\/wp\/v2\/product"}],"about":[{"href":"http:\/\/medicodentaire.ma\/index.php\/wp-json\/wp\/v2\/types\/product"}],"replies":[{"embeddable":true,"href":"http:\/\/medicodentaire.ma\/index.php\/wp-json\/wp\/v2\/comments?post=5951"}],"wp:featuredmedia":[{"embeddable":true,"href":"http:\/\/medicodentaire.ma\/index.php\/wp-json\/wp\/v2\/media\/5952"}],"wp:attachment":[{"href":"http:\/\/medicodentaire.ma\/index.php\/wp-json\/wp\/v2\/media?parent=5951"}],"wp:term":[{"taxonomy":"product_brand","embeddable":true,"href":"http:\/\/medicodentaire.ma\/index.php\/wp-json\/wp\/v2\/product_brand?post=5951"},{"taxonomy":"product_cat","embeddable":true,"href":"http:\/\/medicodentaire.ma\/index.php\/wp-json\/wp\/v2\/product_cat?post=5951"},{"taxonomy":"product_tag","embeddable":true,"href":"http:\/\/medicodentaire.ma\/index.php\/wp-json\/wp\/v2\/product_tag?post=5951"}],"curies":[{"name":"wp","href":"https:\/\/api.w.org\/{rel}","templated":true}]}}