{"id":5587,"date":"2021-04-30T11:19:57","date_gmt":"2021-04-30T09:19:57","guid":{"rendered":"http:\/\/medicodentaire.ma\/?post_type=product&#038;p=5587"},"modified":"2021-04-30T11:19:57","modified_gmt":"2021-04-30T09:19:57","slug":"cone-inverse-double-cone","status":"publish","type":"product","link":"http:\/\/medicodentaire.ma\/index.php\/produit\/cone-inverse-double-cone\/","title":{"rendered":"C\u00f4ne Invers\u00e9 \/ Double-C\u00f4ne"},"content":{"rendered":"<p>Disponible en longueur chirurgicale, une t\u00eate de plus gros diam\u00e8tre permet de pr\u00e9parer les parois axiales et faciliter la r\u00e9alisation des cavit\u00e9s d&#8217;acc\u00e8s en endodontie.<\/p>\n","protected":false},"excerpt":{"rendered":"<p>Disponible en longueur chirurgicale, une t\u00eate de plus gros diam\u00e8tre permet de pr\u00e9parer les parois axiales et faciliter la r\u00e9alisation des cavit\u00e9s d&#8217;acc\u00e8s en endodontie.<\/p>\n","protected":false},"featured_media":5588,"comment_status":"open","ping_status":"closed","template":"","meta":{"_acf_changed":false,"_monsterinsights_skip_tracking":false,"_monsterinsights_sitenote_active":false,"_monsterinsights_sitenote_note":"","_monsterinsights_sitenote_category":0},"product_brand":[],"product_cat":[233],"product_tag":[],"class_list":{"0":"post-5587","1":"product","2":"type-product","3":"status-publish","4":"has-post-thumbnail","6":"product_cat-fraisese-et-instruments-rotatifs","8":"first","9":"instock","10":"shipping-taxable","11":"purchasable","12":"product-type-simple"},"acf":[],"featured_image_urls_v2":{"full":["http:\/\/medicodentaire.ma\/wp-content\/uploads\/2021\/04\/82.png",586,720,false],"thumbnail":["http:\/\/medicodentaire.ma\/wp-content\/uploads\/2021\/04\/82-150x150.png",150,150,true],"medium":["http:\/\/medicodentaire.ma\/wp-content\/uploads\/2021\/04\/82-244x300.png",244,300,true],"medium_large":["http:\/\/medicodentaire.ma\/wp-content\/uploads\/2021\/04\/82.png",586,720,false],"large":["http:\/\/medicodentaire.ma\/wp-content\/uploads\/2021\/04\/82.png",586,720,false],"1536x1536":["http:\/\/medicodentaire.ma\/wp-content\/uploads\/2021\/04\/82.png",586,720,false],"2048x2048":["http:\/\/medicodentaire.ma\/wp-content\/uploads\/2021\/04\/82.png",586,720,false],"yith-woocompare-image":["http:\/\/medicodentaire.ma\/wp-content\/uploads\/2021\/04\/82-220x154.png",220,154,true],"woocommerce_thumbnail":["http:\/\/medicodentaire.ma\/wp-content\/uploads\/2021\/04\/82-300x300.png",300,300,true],"woocommerce_single":["http:\/\/medicodentaire.ma\/wp-content\/uploads\/2021\/04\/82.png",586,720,false],"woocommerce_gallery_thumbnail":["http:\/\/medicodentaire.ma\/wp-content\/uploads\/2021\/04\/82-100x100.png",100,100,true]},"post_excerpt_stackable_v2":"<p>Disponible en longueur chirurgicale, une t\u00eate de plus gros diam\u00e8tre permet de pr\u00e9parer les parois axiales et faciliter la r\u00e9alisation des cavit\u00e9s d&#8217;acc\u00e8s en endodontie.<\/p>\n","category_list_v2":"","author_info_v2":{"name":"","url":""},"comments_num_v2":"0 commentaire","_links":{"self":[{"href":"http:\/\/medicodentaire.ma\/index.php\/wp-json\/wp\/v2\/product\/5587","targetHints":{"allow":["GET"]}}],"collection":[{"href":"http:\/\/medicodentaire.ma\/index.php\/wp-json\/wp\/v2\/product"}],"about":[{"href":"http:\/\/medicodentaire.ma\/index.php\/wp-json\/wp\/v2\/types\/product"}],"replies":[{"embeddable":true,"href":"http:\/\/medicodentaire.ma\/index.php\/wp-json\/wp\/v2\/comments?post=5587"}],"wp:featuredmedia":[{"embeddable":true,"href":"http:\/\/medicodentaire.ma\/index.php\/wp-json\/wp\/v2\/media\/5588"}],"wp:attachment":[{"href":"http:\/\/medicodentaire.ma\/index.php\/wp-json\/wp\/v2\/media?parent=5587"}],"wp:term":[{"taxonomy":"product_brand","embeddable":true,"href":"http:\/\/medicodentaire.ma\/index.php\/wp-json\/wp\/v2\/product_brand?post=5587"},{"taxonomy":"product_cat","embeddable":true,"href":"http:\/\/medicodentaire.ma\/index.php\/wp-json\/wp\/v2\/product_cat?post=5587"},{"taxonomy":"product_tag","embeddable":true,"href":"http:\/\/medicodentaire.ma\/index.php\/wp-json\/wp\/v2\/product_tag?post=5587"}],"curies":[{"name":"wp","href":"https:\/\/api.w.org\/{rel}","templated":true}]}}