{"id":5396,"date":"2021-04-15T12:51:39","date_gmt":"2021-04-15T10:51:39","guid":{"rendered":"http:\/\/medicodentaire.ma\/?post_type=product&#038;p=5396"},"modified":"2021-04-15T12:51:39","modified_gmt":"2021-04-15T10:51:39","slug":"dermocol-wash","status":"publish","type":"product","link":"http:\/\/medicodentaire.ma\/index.php\/produit\/dermocol-wash\/","title":{"rendered":"Dermocol Wash"},"content":{"rendered":"<p>Dermocol Wash Lotion pour le lavage fr\u00e9quent des mains, \u00e0 utiliser avant une solution d\u00e9sinfectante \u00e0 base d\u2019alcool. Gr\u00e2ce \u00e0 son pH neutre, Dermocol Wash est id\u00e9al pour les peaux sensibles.<\/p>\n<p>Conditionnement et accessoires : Flacon 500ml<\/p>\n","protected":false},"excerpt":{"rendered":"<p>Dermocol Wash Lotion pour le lavage fr\u00e9quent des mains, \u00e0 utiliser avant une solution d\u00e9sinfectante \u00e0 base d\u2019alcool. Gr\u00e2ce \u00e0 son pH neutre, Dermocol Wash est id\u00e9al pour les peaux<\/p>\n","protected":false},"featured_media":5397,"comment_status":"open","ping_status":"closed","template":"","meta":{"_acf_changed":false,"_monsterinsights_skip_tracking":false,"_monsterinsights_sitenote_active":false,"_monsterinsights_sitenote_note":"","_monsterinsights_sitenote_category":0},"product_brand":[],"product_cat":[227],"product_tag":[],"class_list":{"0":"post-5396","1":"product","2":"type-product","3":"status-publish","4":"has-post-thumbnail","6":"product_cat-hygiene-desinfection-dsterilisation","8":"first","9":"instock","10":"shipping-taxable","11":"purchasable","12":"product-type-simple"},"acf":[],"featured_image_urls_v2":{"full":["http:\/\/medicodentaire.ma\/wp-content\/uploads\/2021\/04\/6_Plan-de-travail-1.png",530,752,false],"thumbnail":["http:\/\/medicodentaire.ma\/wp-content\/uploads\/2021\/04\/6_Plan-de-travail-1-150x150.png",150,150,true],"medium":["http:\/\/medicodentaire.ma\/wp-content\/uploads\/2021\/04\/6_Plan-de-travail-1-211x300.png",211,300,true],"medium_large":["http:\/\/medicodentaire.ma\/wp-content\/uploads\/2021\/04\/6_Plan-de-travail-1.png",530,752,false],"large":["http:\/\/medicodentaire.ma\/wp-content\/uploads\/2021\/04\/6_Plan-de-travail-1.png",530,752,false],"1536x1536":["http:\/\/medicodentaire.ma\/wp-content\/uploads\/2021\/04\/6_Plan-de-travail-1.png",530,752,false],"2048x2048":["http:\/\/medicodentaire.ma\/wp-content\/uploads\/2021\/04\/6_Plan-de-travail-1.png",530,752,false],"yith-woocompare-image":["http:\/\/medicodentaire.ma\/wp-content\/uploads\/2021\/04\/6_Plan-de-travail-1-220x154.png",220,154,true],"woocommerce_thumbnail":["http:\/\/medicodentaire.ma\/wp-content\/uploads\/2021\/04\/6_Plan-de-travail-1-300x300.png",300,300,true],"woocommerce_single":["http:\/\/medicodentaire.ma\/wp-content\/uploads\/2021\/04\/6_Plan-de-travail-1.png",530,752,false],"woocommerce_gallery_thumbnail":["http:\/\/medicodentaire.ma\/wp-content\/uploads\/2021\/04\/6_Plan-de-travail-1-100x100.png",100,100,true]},"post_excerpt_stackable_v2":"<p>Dermocol Wash Lotion pour le lavage fr\u00e9quent des mains, \u00e0 utiliser avant une solution d\u00e9sinfectante \u00e0 base d\u2019alcool. Gr\u00e2ce \u00e0 son pH neutre, Dermocol Wash est id\u00e9al pour les peaux sensibles. Conditionnement et accessoires : Flacon 500ml<\/p>\n","category_list_v2":"","author_info_v2":{"name":"","url":""},"comments_num_v2":"0 commentaire","_links":{"self":[{"href":"http:\/\/medicodentaire.ma\/index.php\/wp-json\/wp\/v2\/product\/5396","targetHints":{"allow":["GET"]}}],"collection":[{"href":"http:\/\/medicodentaire.ma\/index.php\/wp-json\/wp\/v2\/product"}],"about":[{"href":"http:\/\/medicodentaire.ma\/index.php\/wp-json\/wp\/v2\/types\/product"}],"replies":[{"embeddable":true,"href":"http:\/\/medicodentaire.ma\/index.php\/wp-json\/wp\/v2\/comments?post=5396"}],"wp:featuredmedia":[{"embeddable":true,"href":"http:\/\/medicodentaire.ma\/index.php\/wp-json\/wp\/v2\/media\/5397"}],"wp:attachment":[{"href":"http:\/\/medicodentaire.ma\/index.php\/wp-json\/wp\/v2\/media?parent=5396"}],"wp:term":[{"taxonomy":"product_brand","embeddable":true,"href":"http:\/\/medicodentaire.ma\/index.php\/wp-json\/wp\/v2\/product_brand?post=5396"},{"taxonomy":"product_cat","embeddable":true,"href":"http:\/\/medicodentaire.ma\/index.php\/wp-json\/wp\/v2\/product_cat?post=5396"},{"taxonomy":"product_tag","embeddable":true,"href":"http:\/\/medicodentaire.ma\/index.php\/wp-json\/wp\/v2\/product_tag?post=5396"}],"curies":[{"name":"wp","href":"https:\/\/api.w.org\/{rel}","templated":true}]}}